{"id":414,"date":"2019-01-11T21:08:46","date_gmt":"2019-01-11T20:08:46","guid":{"rendered":"http:\/\/www.voecklabruck.org\/WPVB\/?page_id=414"},"modified":"2025-01-08T19:35:09","modified_gmt":"2025-01-08T18:35:09","slug":"aktiv","status":"publish","type":"page","link":"https:\/\/www.voecklabruck.org\/WPVB\/aktiv\/","title":{"rendered":"Jetzt aktiv werden!"},"content":{"rendered":"\n<p class=\"wp-block-paragraph\">Die Demokratie braucht uns alle. Viele f\u00fchlen sich ohnm\u00e4chtig oder ziehen sich zur\u00fcck. Aber hier liegt unsere Chance: Gemeinsam k\u00f6nnen wir ein Zeichen setzen und Verantwortung \u00fcbernehmen.<br>Wir laden alle B\u00fcrger:innen ein, die der politischen Entwicklung mit Sorge entgegenblicken, sich einzubringen. Wir schaffen Formate, in denen man andocken kann:<\/p>\n\n\n<div class=\"wpforms-container wpforms-container-full\" id=\"wpforms-576\"><form id=\"wpforms-form-576\" class=\"wpforms-validate wpforms-form\" data-formid=\"576\" method=\"post\" enctype=\"multipart\/form-data\" action=\"\/WPVB\/wp-json\/wp\/v2\/pages\/414\" data-token=\"4accc670f5f992d6257b80fd6918effd\" data-token-time=\"1776377717\"><noscript class=\"wpforms-error-noscript\">Bitte aktiviere JavaScript in deinem Browser, um dieses Formular fertigzustellen.<\/noscript><div class=\"wpforms-field-container\"><div id=\"wpforms-576-field_10-container\" class=\"wpforms-field wpforms-field-checkbox wpforms-list-3-columns\" data-field-id=\"10\"><label class=\"wpforms-field-label\">Ich will aktiv werden:<\/label><ul id=\"wpforms-576-field_10\" class=\"wpforms-icon-choices wpforms-icon-choices-default wpforms-icon-choices-medium\" style=\"--wpforms-icon-choices-color: #84b414;\"><li class=\"choice-3 depth-1 wpforms-icon-choices-item\"><label class=\"wpforms-field-label-inline\" for=\"wpforms-576-field_10_3\">\n\t\t\t\t<span class=\"wpforms-icon-choices-icon\">\n\t\t\t\t\t<svg xmlns=\"http:\/\/www.w3.org\/2000\/svg\" width=\"60\" height=\"48\" viewBox=\"0 0 640 512\"><!--! Font Awesome Free 6.4.0 by @fontawesome - https:\/\/fontawesome.com License - https:\/\/fontawesome.com\/license\/free (Icons: CC BY 4.0, Fonts: SIL OFL 1.1, Code: MIT License) Copyright 2023 Fonticons, Inc. --><path d=\"M88.2 309.1c9.8-18.3 6.8-40.8-7.5-55.8C59.4 230.9 48 204 48 176c0-63.5 63.8-128 160-128s160 64.5 160 128s-63.8 128-160 128c-13.1 0-25.8-1.3-37.8-3.6c-10.4-2-21.2-.6-30.7 4.2c-4.1 2.1-8.3 4.1-12.6 6c-16 7.2-32.9 13.5-49.9 18c2.8-4.6 5.4-9.1 7.9-13.6c1.1-1.9 2.2-3.9 3.2-5.9zM0 176c0 41.8 17.2 80.1 45.9 110.3c-.9 1.7-1.9 3.5-2.8 5.1c-10.3 18.4-22.3 36.5-36.6 52.1c-6.6 7-8.3 17.2-4.6 25.9C5.8 378.3 14.4 384 24 384c43 0 86.5-13.3 122.7-29.7c4.8-2.2 9.6-4.5 14.2-6.8c15.1 3 30.9 4.5 47.1 4.5c114.9 0 208-78.8 208-176S322.9 0 208 0S0 78.8 0 176zM432 480c16.2 0 31.9-1.6 47.1-4.5c4.6 2.3 9.4 4.6 14.2 6.8C529.5 498.7 573 512 616 512c9.6 0 18.2-5.7 22-14.5c3.8-8.8 2-19-4.6-25.9c-14.2-15.6-26.2-33.7-36.6-52.1c-.9-1.7-1.9-3.4-2.8-5.1C622.8 384.1 640 345.8 640 304c0-94.4-87.9-171.5-198.2-175.8c4.1 15.2 6.2 31.2 6.2 47.8l0 .6c87.2 6.7 144 67.5 144 127.4c0 28-11.4 54.9-32.7 77.2c-14.3 15-17.3 37.6-7.5 55.8c1.1 2 2.2 4 3.2 5.9c2.5 4.5 5.2 9 7.9 13.6c-17-4.5-33.9-10.7-49.9-18c-4.3-1.9-8.5-3.9-12.6-6c-9.5-4.8-20.3-6.2-30.7-4.2c-12.1 2.4-24.7 3.6-37.8 3.6c-61.7 0-110-26.5-136.8-62.3c-16 5.4-32.8 9.4-50 11.8C279 439.8 350 480 432 480z\"\/><\/svg>\n\t\t\t\t\t<span class=\"wpforms-icon-choices-icon-bg\"><\/span>\n\t\t\t\t<\/span>\n\t\t\t\t<input type=\"checkbox\" id=\"wpforms-576-field_10_3\" class=\"wpforms-screen-reader-element\" name=\"wpforms[fields][10][]\" value=\"Thinktanks: Austausch und Vernetzung zu Sachthemen wie Soziales, Menschenrechte, Kampf gegen Rechtsextremismus oder Klima- und Umweltschutz\"  >\n\t\t\t\t<span class=\"wpforms-icon-choices-label\">Thinktanks: Austausch und Vernetzung zu Sachthemen wie Soziales, Menschenrechte, Kampf gegen Rechtsextremismus oder Klima- und Umweltschutz<\/span>\n\t\t\t<\/label><\/li><li class=\"choice-6 depth-1 wpforms-icon-choices-item\"><label class=\"wpforms-field-label-inline\" for=\"wpforms-576-field_10_6\">\n\t\t\t\t<span class=\"wpforms-icon-choices-icon\">\n\t\t\t\t\t<svg xmlns=\"http:\/\/www.w3.org\/2000\/svg\" width=\"60\" height=\"48\" viewBox=\"0 0 640 512\"><!--! Font Awesome Free 6.4.0 by @fontawesome - https:\/\/fontawesome.com License - https:\/\/fontawesome.com\/license\/free (Icons: CC BY 4.0, Fonts: SIL OFL 1.1, Code: MIT License) Copyright 2023 Fonticons, Inc. --><path d=\"M64 64a64 64 0 1 1 128 0A64 64 0 1 1 64 64zM25.9 233.4C29.3 191.9 64 160 105.6 160h44.8c27 0 51 13.4 65.5 34.1c-2.7 1.9-5.2 4-7.5 6.3l-64 64c-21.9 21.9-21.9 57.3 0 79.2L192 391.2V464c0 26.5-21.5 48-48 48H112c-26.5 0-48-21.5-48-48V348.3c-26.5-9.5-44.7-35.8-42.2-65.6l4.1-49.3zM448 64a64 64 0 1 1 128 0A64 64 0 1 1 448 64zM431.6 200.4c-2.3-2.3-4.9-4.4-7.5-6.3c14.5-20.7 38.6-34.1 65.5-34.1h44.8c41.6 0 76.3 31.9 79.7 73.4l4.1 49.3c2.5 29.8-15.7 56.1-42.2 65.6V464c0 26.5-21.5 48-48 48H496c-26.5 0-48-21.5-48-48V391.2l47.6-47.6c21.9-21.9 21.9-57.3 0-79.2l-64-64zM272 240v32h96V240c0-9.7 5.8-18.5 14.8-22.2s19.3-1.7 26.2 5.2l64 64c9.4 9.4 9.4 24.6 0 33.9l-64 64c-6.9 6.9-17.2 8.9-26.2 5.2s-14.8-12.5-14.8-22.2V336H272v32c0 9.7-5.8 18.5-14.8 22.2s-19.3 1.7-26.2-5.2l-64-64c-9.4-9.4-9.4-24.6 0-33.9l64-64c6.9-6.9 17.2-8.9 26.2-5.2s14.8 12.5 14.8 22.2z\"\/><\/svg>\n\t\t\t\t\t<span class=\"wpforms-icon-choices-icon-bg\"><\/span>\n\t\t\t\t<\/span>\n\t\t\t\t<input type=\"checkbox\" id=\"wpforms-576-field_10_6\" class=\"wpforms-screen-reader-element\" name=\"wpforms[fields][10][]\" value=\"Zukunfts-Konvent: Plattform f\u00fcr dr\u00e4ngende Fragen junger Menschen\"  >\n\t\t\t\t<span class=\"wpforms-icon-choices-label\">Zukunfts-Konvent: Plattform f\u00fcr dr\u00e4ngende Fragen junger Menschen<\/span>\n\t\t\t<\/label><\/li><li class=\"choice-4 depth-1 wpforms-icon-choices-item\"><label class=\"wpforms-field-label-inline\" for=\"wpforms-576-field_10_4\">\n\t\t\t\t<span class=\"wpforms-icon-choices-icon\">\n\t\t\t\t\t<svg xmlns=\"http:\/\/www.w3.org\/2000\/svg\" width=\"60\" height=\"48\" viewBox=\"0 0 512 512\"><!--! Font Awesome Free 6.4.0 by @fontawesome - https:\/\/fontawesome.com License - https:\/\/fontawesome.com\/license\/free (Icons: CC BY 4.0, Fonts: SIL OFL 1.1, Code: MIT License) Copyright 2023 Fonticons, Inc. --><path d=\"M243.4 2.6l-224 96c-14 6-21.8 21-18.7 35.8S16.8 160 32 160v8c0 13.3 10.7 24 24 24H456c13.3 0 24-10.7 24-24v-8c15.2 0 28.3-10.7 31.3-25.6s-4.8-29.9-18.7-35.8l-224-96c-8-3.4-17.2-3.4-25.2 0zM128 224H64V420.3c-.6 .3-1.2 .7-1.8 1.1l-48 32c-11.7 7.8-17 22.4-12.9 35.9S17.9 512 32 512H480c14.1 0 26.5-9.2 30.6-22.7s-1.1-28.1-12.9-35.9l-48-32c-.6-.4-1.2-.7-1.8-1.1V224H384V416H344V224H280V416H232V224H168V416H128V224zM256 64a32 32 0 1 1 0 64 32 32 0 1 1 0-64z\"\/><\/svg>\n\t\t\t\t\t<span class=\"wpforms-icon-choices-icon-bg\"><\/span>\n\t\t\t\t<\/span>\n\t\t\t\t<input type=\"checkbox\" id=\"wpforms-576-field_10_4\" class=\"wpforms-screen-reader-element\" name=\"wpforms[fields][10][]\" value=\"Gemeindepolitik: Mitarbeit bei Projekten f\u00fcr ein lebenswertes V\u00f6cklabruck\"  >\n\t\t\t\t<span class=\"wpforms-icon-choices-label\">Gemeindepolitik: Mitarbeit bei Projekten f\u00fcr ein lebenswertes V\u00f6cklabruck<\/span>\n\t\t\t<\/label><\/li><li class=\"choice-2 depth-1 wpforms-icon-choices-item\"><label class=\"wpforms-field-label-inline\" for=\"wpforms-576-field_10_2\">\n\t\t\t\t<span class=\"wpforms-icon-choices-icon\">\n\t\t\t\t\t<svg xmlns=\"http:\/\/www.w3.org\/2000\/svg\" width=\"60\" height=\"48\" viewBox=\"0 0 640 512\"><!--! Font Awesome Free 6.4.0 by @fontawesome - https:\/\/fontawesome.com License - https:\/\/fontawesome.com\/license\/free (Icons: CC BY 4.0, Fonts: SIL OFL 1.1, Code: MIT License) Copyright 2023 Fonticons, Inc. --><path d=\"M72 88a56 56 0 1 1 112 0A56 56 0 1 1 72 88zM64 245.7C54 256.9 48 271.8 48 288s6 31.1 16 42.3V245.7zm144.4-49.3C178.7 222.7 160 261.2 160 304c0 34.3 12 65.8 32 90.5V416c0 17.7-14.3 32-32 32H96c-17.7 0-32-14.3-32-32V389.2C26.2 371.2 0 332.7 0 288c0-61.9 50.1-112 112-112h32c24 0 46.2 7.5 64.4 20.3zM448 416V394.5c20-24.7 32-56.2 32-90.5c0-42.8-18.7-81.3-48.4-107.7C449.8 183.5 472 176 496 176h32c61.9 0 112 50.1 112 112c0 44.7-26.2 83.2-64 101.2V416c0 17.7-14.3 32-32 32H480c-17.7 0-32-14.3-32-32zm8-328a56 56 0 1 1 112 0A56 56 0 1 1 456 88zM576 245.7v84.7c10-11.3 16-26.1 16-42.3s-6-31.1-16-42.3zM320 32a64 64 0 1 1 0 128 64 64 0 1 1 0-128zM240 304c0 16.2 6 31 16 42.3V261.7c-10 11.3-16 26.1-16 42.3zm144-42.3v84.7c10-11.3 16-26.1 16-42.3s-6-31.1-16-42.3zM448 304c0 44.7-26.2 83.2-64 101.2V448c0 17.7-14.3 32-32 32H288c-17.7 0-32-14.3-32-32V405.2c-37.8-18-64-56.5-64-101.2c0-61.9 50.1-112 112-112h32c61.9 0 112 50.1 112 112z\"\/><\/svg>\n\t\t\t\t\t<span class=\"wpforms-icon-choices-icon-bg\"><\/span>\n\t\t\t\t<\/span>\n\t\t\t\t<input type=\"checkbox\" id=\"wpforms-576-field_10_2\" class=\"wpforms-screen-reader-element\" name=\"wpforms[fields][10][]\" value=\"\u00d6ffentlichkeitsarbeit: Veranstaltungen, Infost\u00e4nde und Hausbesuche\"  >\n\t\t\t\t<span class=\"wpforms-icon-choices-label\">\u00d6ffentlichkeitsarbeit: Veranstaltungen, Infost\u00e4nde und Hausbesuche<\/span>\n\t\t\t<\/label><\/li><li class=\"choice-7 depth-1 wpforms-icon-choices-item\"><label class=\"wpforms-field-label-inline\" for=\"wpforms-576-field_10_7\">\n\t\t\t\t<span class=\"wpforms-icon-choices-icon\">\n\t\t\t\t\t<svg xmlns=\"http:\/\/www.w3.org\/2000\/svg\" width=\"60\" height=\"48\" viewBox=\"0 0 512 512\"><!--! Font Awesome Free 6.4.0 by @fontawesome - https:\/\/fontawesome.com License - https:\/\/fontawesome.com\/license\/free (Icons: CC BY 4.0, Fonts: SIL OFL 1.1, Code: MIT License) Copyright 2023 Fonticons, Inc. --><path d=\"M480 32c0-12.9-7.8-24.6-19.8-29.6s-25.7-2.2-34.9 6.9L381.7 53c-48 48-113.1 75-181 75H192 160 64c-35.3 0-64 28.7-64 64v96c0 35.3 28.7 64 64 64l0 128c0 17.7 14.3 32 32 32h64c17.7 0 32-14.3 32-32V352l8.7 0c67.9 0 133 27 181 75l43.6 43.6c9.2 9.2 22.9 11.9 34.9 6.9s19.8-16.6 19.8-29.6V300.4c18.6-8.8 32-32.5 32-60.4s-13.4-51.6-32-60.4V32zm-64 76.7V240 371.3C357.2 317.8 280.5 288 200.7 288H192V192h8.7c79.8 0 156.5-29.8 215.3-83.3z\"\/><\/svg>\n\t\t\t\t\t<span class=\"wpforms-icon-choices-icon-bg\"><\/span>\n\t\t\t\t<\/span>\n\t\t\t\t<input type=\"checkbox\" id=\"wpforms-576-field_10_7\" class=\"wpforms-screen-reader-element\" name=\"wpforms[fields][10][]\" value=\"Protestaktionen: Teilnahme an Demos und \u00f6ffentlichen Aktionen\"  >\n\t\t\t\t<span class=\"wpforms-icon-choices-label\">Protestaktionen: Teilnahme an Demos und \u00f6ffentlichen Aktionen<\/span>\n\t\t\t<\/label><\/li><li class=\"choice-8 depth-1 wpforms-icon-choices-item\"><label class=\"wpforms-field-label-inline\" for=\"wpforms-576-field_10_8\">\n\t\t\t\t<span class=\"wpforms-icon-choices-icon\">\n\t\t\t\t\t<svg xmlns=\"http:\/\/www.w3.org\/2000\/svg\" width=\"60\" height=\"48\" viewBox=\"0 0 320 512\"><!--! Font Awesome Free 6.4.0 by @fontawesome - https:\/\/fontawesome.com License - https:\/\/fontawesome.com\/license\/free (Icons: CC BY 4.0, Fonts: SIL OFL 1.1, Code: MIT License) Copyright 2023 Fonticons, Inc. --><path d=\"M48.1 240c-.1 2.7-.1 5.3-.1 8v16c0 2.7 0 5.3 .1 8H32c-17.7 0-32 14.3-32 32s14.3 32 32 32H60.3C89.9 419.9 170 480 264 480h24c17.7 0 32-14.3 32-32s-14.3-32-32-32H264c-57.9 0-108.2-32.4-133.9-80H256c17.7 0 32-14.3 32-32s-14.3-32-32-32H112.2c-.1-2.6-.2-5.3-.2-8V248c0-2.7 .1-5.4 .2-8H256c17.7 0 32-14.3 32-32s-14.3-32-32-32H130.1c25.7-47.6 76-80 133.9-80h24c17.7 0 32-14.3 32-32s-14.3-32-32-32H264C170 32 89.9 92.1 60.3 176H32c-17.7 0-32 14.3-32 32s14.3 32 32 32H48.1z\"\/><\/svg>\n\t\t\t\t\t<span class=\"wpforms-icon-choices-icon-bg\"><\/span>\n\t\t\t\t<\/span>\n\t\t\t\t<input type=\"checkbox\" id=\"wpforms-576-field_10_8\" class=\"wpforms-screen-reader-element\" name=\"wpforms[fields][10][]\" value=\"Finanzielle Unterst\u00fctzung zur Umsetzung der Projekte und Formate\"  >\n\t\t\t\t<span class=\"wpforms-icon-choices-label\">Finanzielle Unterst\u00fctzung zur Umsetzung der Projekte und Formate<\/span>\n\t\t\t<\/label><\/li><li class=\"choice-10 depth-1 wpforms-icon-choices-item\"><label class=\"wpforms-field-label-inline\" for=\"wpforms-576-field_10_10\">\n\t\t\t\t<span class=\"wpforms-icon-choices-icon\">\n\t\t\t\t\t<svg xmlns=\"http:\/\/www.w3.org\/2000\/svg\" width=\"60\" height=\"48\" viewBox=\"0 0 448 512\"><!--! Font Awesome Free 6.4.0 by @fontawesome - https:\/\/fontawesome.com License - https:\/\/fontawesome.com\/license\/free (Icons: CC BY 4.0, Fonts: SIL OFL 1.1, Code: MIT License) Copyright 2023 Fonticons, Inc. --><path d=\"M224,202.66A53.34,53.34,0,1,0,277.36,256,53.38,53.38,0,0,0,224,202.66Zm124.71-41a54,54,0,0,0-30.41-30.41c-21-8.29-71-6.43-94.3-6.43s-73.25-1.93-94.31,6.43a54,54,0,0,0-30.41,30.41c-8.28,21-6.43,71.05-6.43,94.33S91,329.26,99.32,350.33a54,54,0,0,0,30.41,30.41c21,8.29,71,6.43,94.31,6.43s73.24,1.93,94.3-6.43a54,54,0,0,0,30.41-30.41c8.35-21,6.43-71.05,6.43-94.33S357.1,182.74,348.75,161.67ZM224,338a82,82,0,1,1,82-82A81.9,81.9,0,0,1,224,338Zm85.38-148.3a19.14,19.14,0,1,1,19.13-19.14A19.1,19.1,0,0,1,309.42,189.74ZM400,32H48A48,48,0,0,0,0,80V432a48,48,0,0,0,48,48H400a48,48,0,0,0,48-48V80A48,48,0,0,0,400,32ZM382.88,322c-1.29,25.63-7.14,48.34-25.85,67s-41.4,24.63-67,25.85c-26.41,1.49-105.59,1.49-132,0-25.63-1.29-48.26-7.15-67-25.85s-24.63-41.42-25.85-67c-1.49-26.42-1.49-105.61,0-132,1.29-25.63,7.07-48.34,25.85-67s41.47-24.56,67-25.78c26.41-1.49,105.59-1.49,132,0,25.63,1.29,48.33,7.15,67,25.85s24.63,41.42,25.85,67.05C384.37,216.44,384.37,295.56,382.88,322Z\"\/><\/svg>\n\t\t\t\t\t<span class=\"wpforms-icon-choices-icon-bg\"><\/span>\n\t\t\t\t<\/span>\n\t\t\t\t<input type=\"checkbox\" id=\"wpforms-576-field_10_10\" class=\"wpforms-screen-reader-element\" name=\"wpforms[fields][10][]\" value=\"Social Media: Liken, Teilen, Kommentieren und Posten\"  >\n\t\t\t\t<span class=\"wpforms-icon-choices-label\">Social Media: Liken, Teilen, Kommentieren und Posten<\/span>\n\t\t\t<\/label><\/li><li class=\"choice-1 depth-1 wpforms-icon-choices-item\"><label class=\"wpforms-field-label-inline\" for=\"wpforms-576-field_10_1\">\n\t\t\t\t<span class=\"wpforms-icon-choices-icon\">\n\t\t\t\t\t<svg xmlns=\"http:\/\/www.w3.org\/2000\/svg\" width=\"60\" height=\"48\" viewBox=\"0 0 512 512\"><!--! Font Awesome Free 6.4.0 by @fontawesome - https:\/\/fontawesome.com License - https:\/\/fontawesome.com\/license\/free (Icons: CC BY 4.0, Fonts: SIL OFL 1.1, Code: MIT License) Copyright 2023 Fonticons, Inc. --><path d=\"M64 112c-8.8 0-16 7.2-16 16v22.1L220.5 291.7c20.7 17 50.4 17 71.1 0L464 150.1V128c0-8.8-7.2-16-16-16H64zM48 212.2V384c0 8.8 7.2 16 16 16H448c8.8 0 16-7.2 16-16V212.2L322 328.8c-38.4 31.5-93.7 31.5-132 0L48 212.2zM0 128C0 92.7 28.7 64 64 64H448c35.3 0 64 28.7 64 64V384c0 35.3-28.7 64-64 64H64c-35.3 0-64-28.7-64-64V128z\"\/><\/svg>\n\t\t\t\t\t<span class=\"wpforms-icon-choices-icon-bg\"><\/span>\n\t\t\t\t<\/span>\n\t\t\t\t<input type=\"checkbox\" id=\"wpforms-576-field_10_1\" class=\"wpforms-screen-reader-element\" name=\"wpforms[fields][10][]\" value=\"Newsletter: Aktuelle Infos erhalten\"  >\n\t\t\t\t<span class=\"wpforms-icon-choices-label\">Newsletter: Aktuelle Infos erhalten<\/span>\n\t\t\t<\/label><\/li><li class=\"choice-11 depth-1 wpforms-icon-choices-item\"><label class=\"wpforms-field-label-inline\" for=\"wpforms-576-field_10_11\">\n\t\t\t\t<span class=\"wpforms-icon-choices-icon\">\n\t\t\t\t\t<svg xmlns=\"http:\/\/www.w3.org\/2000\/svg\" width=\"60\" height=\"48\" viewBox=\"0 0 576 512\"><!--! Font Awesome Free 6.4.0 by @fontawesome - https:\/\/fontawesome.com License - https:\/\/fontawesome.com\/license\/free (Icons: CC BY 4.0, Fonts: SIL OFL 1.1, Code: MIT License) Copyright 2023 Fonticons, Inc. --><path d=\"M160 0c-17.7 0-32 14.3-32 32s14.3 32 32 32h50.7L9.4 265.4c-12.5 12.5-12.5 32.8 0 45.3s32.8 12.5 45.3 0L256 109.3V160c0 17.7 14.3 32 32 32s32-14.3 32-32V32c0-17.7-14.3-32-32-32H160zM576 80a48 48 0 1 0 -96 0 48 48 0 1 0 96 0zM448 208a48 48 0 1 0 -96 0 48 48 0 1 0 96 0zM400 384a48 48 0 1 0 0-96 48 48 0 1 0 0 96zm48 80a48 48 0 1 0 -96 0 48 48 0 1 0 96 0zm128 0a48 48 0 1 0 -96 0 48 48 0 1 0 96 0zM272 384a48 48 0 1 0 0-96 48 48 0 1 0 0 96zm48 80a48 48 0 1 0 -96 0 48 48 0 1 0 96 0zM144 512a48 48 0 1 0 0-96 48 48 0 1 0 0 96zM576 336a48 48 0 1 0 -96 0 48 48 0 1 0 96 0zm-48-80a48 48 0 1 0 0-96 48 48 0 1 0 0 96z\"\/><\/svg>\n\t\t\t\t\t<span class=\"wpforms-icon-choices-icon-bg\"><\/span>\n\t\t\t\t<\/span>\n\t\t\t\t<input type=\"checkbox\" id=\"wpforms-576-field_10_11\" class=\"wpforms-screen-reader-element\" name=\"wpforms[fields][10][]\" value=\"Powerpaket: Klausuren, Bildungsreisen, uvm.\"  >\n\t\t\t\t<span class=\"wpforms-icon-choices-label\">Powerpaket: Klausuren, Bildungsreisen, uvm.<\/span>\n\t\t\t<\/label><\/li><\/ul><div class=\"wpforms-field-description\">Wie willst du bei den Gr\u00fcnen V\u00f6cklabruck aktiv werden?<\/div><\/div><div id=\"wpforms-576-field_0-container\" class=\"wpforms-field wpforms-field-name\" data-field-id=\"0\"><label class=\"wpforms-field-label\" for=\"wpforms-576-field_0\">Name <span class=\"wpforms-required-label\">*<\/span><\/label><input type=\"text\" id=\"wpforms-576-field_0\" class=\"wpforms-field-medium wpforms-field-required\" name=\"wpforms[fields][0]\" required><\/div><div id=\"wpforms-576-field_1-container\" class=\"wpforms-field wpforms-field-email\" data-field-id=\"1\"><label class=\"wpforms-field-label\" for=\"wpforms-576-field_1\">E-Mail <span class=\"wpforms-required-label\">*<\/span><\/label><input type=\"email\" id=\"wpforms-576-field_1\" class=\"wpforms-field-medium wpforms-field-required\" name=\"wpforms[fields][1]\" spellcheck=\"false\" required><\/div><div id=\"wpforms-576-field_4-container\" class=\"wpforms-field wpforms-field-text\" data-field-id=\"4\"><label class=\"wpforms-field-label\" for=\"wpforms-576-field_4\">Adresse<\/label><input type=\"text\" id=\"wpforms-576-field_4\" class=\"wpforms-field-medium\" name=\"wpforms[fields][4]\" ><\/div><div id=\"wpforms-576-field_5-container\" class=\"wpforms-field wpforms-field-text\" data-field-id=\"5\"><label class=\"wpforms-field-label\" for=\"wpforms-576-field_5\">Ort<\/label><input type=\"text\" id=\"wpforms-576-field_5\" class=\"wpforms-field-medium\" name=\"wpforms[fields][5]\" placeholder=\"V\u00f6cklabruck\" ><\/div><div id=\"wpforms-576-field_6-container\" class=\"wpforms-field wpforms-field-number\" data-field-id=\"6\"><label class=\"wpforms-field-label\" for=\"wpforms-576-field_6\">Postleitzahl<\/label><input type=\"number\" id=\"wpforms-576-field_6\" class=\"wpforms-field-small\" name=\"wpforms[fields][6]\" placeholder=\"4840\" step=\"any\" ><\/div><div id=\"wpforms-576-field_7-container\" class=\"wpforms-field wpforms-field-text\" data-field-id=\"7\"><label class=\"wpforms-field-label\" for=\"wpforms-576-field_7\">Telefon<\/label><input type=\"text\" id=\"wpforms-576-field_7\" class=\"wpforms-field-medium\" name=\"wpforms[fields][7]\" ><\/div><div id=\"wpforms-576-field_11-container\" class=\"wpforms-field wpforms-field-number\" data-field-id=\"11\"><label class=\"wpforms-field-label\" for=\"wpforms-576-field_11\">Alter<\/label><input type=\"number\" id=\"wpforms-576-field_11\" class=\"wpforms-field-small\" name=\"wpforms[fields][11]\" step=\"any\" ><\/div><div id=\"wpforms-576-field_2-container\" class=\"wpforms-field wpforms-field-textarea\" data-field-id=\"2\"><label class=\"wpforms-field-label\" for=\"wpforms-576-field_2\">Kommentar oder Nachricht <span class=\"wpforms-required-label\">*<\/span><\/label><textarea id=\"wpforms-576-field_2\" class=\"wpforms-field-medium wpforms-field-required\" name=\"wpforms[fields][2]\" required><\/textarea><div class=\"wpforms-field-description\">Bitte schreib uns etwas n\u00e4her welche Themen dich interessieren.<\/div><\/div><div id=\"wpforms-576-field_15-container\" class=\"wpforms-field wpforms-field-content\" data-field-id=\"15\"><div id=\"wpforms-576-field_15\" class=\"wpforms-field-medium wpforms-field-row\"><h4>Datenschutzvereinbarung<\/h4>\n<p>Ich habe die <a rel=\"noopener\" target=\"_blank\" href=\"https:\/\/www.voecklabruck.org\/WPVB\/datenschutzerklaerung\/\">Datenschutzvereinbarung<\/a> gelesen und stimme dieser zu.<\/p>\n<div class=\"wpforms-field-content-display-frontend-clear\"><\/div><\/div><\/div><div id=\"wpforms-576-field_3-container\" class=\"wpforms-field wpforms-field-gdpr-checkbox\" data-field-id=\"3\"><label class=\"wpforms-field-label wpforms-label-hide\">Datenschutz Vereinbarung <span class=\"wpforms-required-label\">*<\/span><\/label><ul id=\"wpforms-576-field_3\" class=\"wpforms-field-required\"><li class=\"choice-1\"><input type=\"checkbox\" id=\"wpforms-576-field_3_1\" name=\"wpforms[fields][3][]\" value=\"Ich bin damit einverstanden, dass diese Website meine \u00fcbermittelten Informationen speichert, damit sie auf meine Anfrage antworten kann. Ich habe die Datenschutzvereinbarung gelesen und stimme dieser zu.\" required ><label class=\"wpforms-field-label-inline\" for=\"wpforms-576-field_3_1\">Ich bin damit einverstanden, dass diese Website meine \u00fcbermittelten Informationen speichert, damit sie auf meine Anfrage antworten kann. Ich habe die Datenschutzvereinbarung gelesen und stimme dieser zu. <span class=\"wpforms-required-label\">*<\/span><\/label><\/li><\/ul><\/div><\/div><!-- .wpforms-field-container --><div class=\"wpforms-field wpforms-field-hp\"><label for=\"wpforms-576-field-hp\" class=\"wpforms-field-label\">Phone<\/label><input type=\"text\" name=\"wpforms[hp]\" id=\"wpforms-576-field-hp\" class=\"wpforms-field-medium\"><\/div><div class=\"wpforms-recaptcha-container wpforms-is-recaptcha wpforms-is-recaptcha-type-v2\" ><div class=\"g-recaptcha\" data-sitekey=\"6LfOD4kUAAAAAEXOxbfY6Ih3uyyUM3NZ16EYirpi\"><\/div><input type=\"text\" name=\"g-recaptcha-hidden\" class=\"wpforms-recaptcha-hidden\" style=\"position:absolute!important;clip:rect(0,0,0,0)!important;height:1px!important;width:1px!important;border:0!important;overflow:hidden!important;padding:0!important;margin:0!important;\" data-rule-recaptcha=\"1\"><\/div><div class=\"wpforms-submit-container\" ><input type=\"hidden\" name=\"wpforms[id]\" value=\"576\"><input type=\"hidden\" name=\"page_title\" value=\"\"><input type=\"hidden\" name=\"page_url\" value=\"https:\/\/www.voecklabruck.org\/WPVB\/wp-json\/wp\/v2\/pages\/414\"><input type=\"hidden\" name=\"url_referer\" value=\"\"><button type=\"submit\" name=\"wpforms[submit]\" id=\"wpforms-submit-576\" class=\"wpforms-submit\" data-alt-text=\"Sende...\" data-submit-text=\"Senden\" aria-live=\"assertive\" value=\"wpforms-submit\">Senden<\/button><\/div><\/form><\/div>  <!-- .wpforms-container -->\n\n\n\n<p class=\"wp-block-paragraph\">Gemeinsam gegen R\u00fcckschritt! Jetzt ist die Zeit, Verantwortung zu \u00fcbernehmen. Werden Sie aktiv \u2013 f\u00fcr eine solidarische und demokratische Zukunft!<\/p>\n","protected":false},"excerpt":{"rendered":"<p>Die Demokratie braucht uns alle. Viele f\u00fchlen sich ohnm\u00e4chtig oder ziehen sich zur\u00fcck. Aber hier liegt unsere Chance: Gemeinsam k\u00f6nnen wir ein Zeichen setzen und &#8230; <a title=\"Jetzt aktiv werden!\" class=\"read-more\" href=\"https:\/\/www.voecklabruck.org\/WPVB\/aktiv\/\" aria-label=\"Mehr Informationen \u00fcber Jetzt aktiv werden!\">weiterlesen<\/a><\/p>\n","protected":false},"author":1,"featured_media":0,"parent":0,"menu_order":0,"comment_status":"closed","ping_status":"closed","template":"","meta":{"_crdt_document":"","advgb_blocks_editor_width":"","advgb_blocks_columns_visual_guide":"","_mc_calendar":[],"footnotes":""},"class_list":["post-414","page","type-page","status-publish"],"coauthors":[],"author_meta":{"author_link":"https:\/\/www.voecklabruck.org\/WPVB\/author\/wordpressadmin\/","display_name":"Redakteur"},"relative_dates":{"created":"Posted 7\u00a0Jahren ago","modified":"Updated 1\u00a0Jahr ago"},"absolute_dates":{"created":"Posted on 11. Januar 2019","modified":"Updated on 8. Januar 2025"},"absolute_dates_time":{"created":"Posted on 11. Januar 2019 21:08","modified":"Updated on 8. Januar 2025 19:35"},"featured_img_caption":"","featured_img":false,"series_order":"","_links":{"self":[{"href":"https:\/\/www.voecklabruck.org\/WPVB\/wp-json\/wp\/v2\/pages\/414","targetHints":{"allow":["GET"]}}],"collection":[{"href":"https:\/\/www.voecklabruck.org\/WPVB\/wp-json\/wp\/v2\/pages"}],"about":[{"href":"https:\/\/www.voecklabruck.org\/WPVB\/wp-json\/wp\/v2\/types\/page"}],"author":[{"embeddable":true,"href":"https:\/\/www.voecklabruck.org\/WPVB\/wp-json\/wp\/v2\/users\/1"}],"replies":[{"embeddable":true,"href":"https:\/\/www.voecklabruck.org\/WPVB\/wp-json\/wp\/v2\/comments?post=414"}],"version-history":[{"count":12,"href":"https:\/\/www.voecklabruck.org\/WPVB\/wp-json\/wp\/v2\/pages\/414\/revisions"}],"predecessor-version":[{"id":5315,"href":"https:\/\/www.voecklabruck.org\/WPVB\/wp-json\/wp\/v2\/pages\/414\/revisions\/5315"}],"wp:attachment":[{"href":"https:\/\/www.voecklabruck.org\/WPVB\/wp-json\/wp\/v2\/media?parent=414"}],"curies":[{"name":"wp","href":"https:\/\/api.w.org\/{rel}","templated":true}]}}